e prime factors of f?
3, 23
Suppose 2*j - u + 3*u = 86, -j + 28 = -4*u. Suppose 5*o - 8*d = -4*d + j, -o + d = -7. Let k = 5 + o. List the prime factors of k.
17
Let y(f) = 2*f**3 - f**2 - 5*f + 4. Suppose -2*b = -3*b + 1. Suppose -r - 5 = 0, -5*m - 9 = 5*r + b. What are the prime factors of y(m)?
2, 17
Let n(m) = m + 5. Let p be n(11). Suppose 0 = -p*r + 15*r + 134. What are the prime factors of r?
2, 67
List the prime factors of 140/2*1037/122.
5, 7, 17
Let g(r) = 670*r**3 + 2*r - 1 - 545*r**3 + 0*r. List the prime factors of g(1).
2, 3, 7
List the prime factors of 2/((-18)/(-9)) - -796.
797
Let p = 1 - 0. Let o = 1 - p. Suppose o = i - 14 - 19. List the prime factors of i.
3, 11
Suppose -3*d = 3*x + d + 14, -3*x - 3*d - 9 = 0. Suppose j - v - 103 = 0, -v - 203 = -2*j + x*v. What are the prime factors of j?
2, 53
Let q = 762 - 246. List the prime factors of q.
2, 3, 43
Let o(z) = z**2 + 9*z + 3. Let t be o(-5). Let y = 3 - t. List the prime factors of y.
2, 5
Let w = -337 - -82. Let u = 369 + w. List the prime factors of u.
2, 3, 19
Let a = 5 - -32. Suppose 33*f + 324 = a*f. What are the prime factors of f?
3
Let z(u) = 4*u + 3. Let r(n) = 3*n + 2. Let b(d) = 7*r(d) - 5*z(d). Let v = 48 + -45. What are the prime factors of b(v)?
2
Suppose 0 = -f + 4*c + 611, 3*f - 5*c - 2400 = -f. List the prime factors of f.
5, 7, 17
Let z(d) be the first derivative of -d**2/2 - 14*d + 2. Let a be z(-7). Let r = a - -35. List the prime factors of r.
2, 7
Let v(r) = 323*r**3 + 4*r**2 + 2*r. Let i be v(-1). Let k = 543 + i. List the prime factors of k.
2, 3, 37
Let t be (-464)/(-120) + 4/30. List the prime factors of ((-21)/(-12))/(-7) - (-149)/t.
37
Suppose 0*k - 166 = -2*k. Let o = k - 30. What are the prime factors of o?
53
Suppose 20 = 4*h + h. Suppose -w - w = -h. Suppose 51 = k + w*k. List the prime factors of k.
17
Let u(l) = l**2 - 8*l + 5. Let z(n) = -4*n + 7. Let c be z(3). What are the prime factors of u(c)?
2, 5, 7
Suppose -3*d = -4*a - 40, 7 + 16 = 2*d + a. Let t be (d - 9) + -2 + 2. Suppose -8*y + 200 = -t*y. What are the prime factors of y?
2, 5
Let t(w) = 6*w**2 + 24*w + 132. What are the prime factors of t(-9)?
2, 3, 67
Let t(m) = 5*m - 3. Let j be t(-2). Let d(a) = -4*a + 7. Let s(h) = -8*h + 15. Let l(n) = j*d(n) + 6*s(n). What are the prime factors of l(2)?
7
Let h(w) = 2*w + 231. What are the prime factors of h(44)?
11, 29
List the prime factors of (-1)/(-6) + (-1655031)/(-954).
5, 347
Suppose 6*b - 32 = 2*b. Suppose b*l = 3*l + 275. What are the prime factors of l?
5, 11
Let y(k) = 799*k - 198. List the prime factors of y(3).
3, 733
Let a(m) = m**3 - 16*m**2 + 2*m - 50. List the prime factors of a(18).
2, 317
Let m(y) = 122*y**2 + 17*y - 45. List the prime factors of m(3).
2, 3, 23
Suppose -6436 - 5598 = -11*q. What are the prime factors of q?
2, 547
Suppose -52095 = -16*r - 7*r. What are the prime factors of r?
3, 5, 151
Suppose 5*m = 442 + 1723. What are the prime factors of m?
433
Let i(a) = -a**3 + 15*a**2 + 4. Let u be i(15). Suppose -5*o + s + 150 = 0, -5*o + u*s + 0*s + 150 = 0. What are the prime factors of o?
2, 3, 5
Suppose -2*a - 5199 = 52*p - 53*p, 0 = 5*p - 4*a - 26001. List the prime factors of p.
7, 743
Let w(j) = -j**3 + 16*j**2 - j - 25. List the prime factors of w(12).
7, 11
Suppose 1124 = g + 342. What are the prime factors of g?
2, 17, 23
Suppose 5*g - 10*g + 30 = 0. Let r be -2*5*(-3)/g. Suppose c - r*z = -0*z + 18, -4*c + 117 = -5*z. List the prime factors of c.
3, 11
Suppose 4*a = 2*w + 136, -2*a = -a - 4*w - 20. Suppose 46 = a*q - 35*q. What are the prime factors of q?
2, 23
Let j(m) = 6*m + 4. Let y be j(3). Let o(f) = -f + 7. Let g be o(5). Suppose -3*p + y = -g*p. What are the prime factors of p?
2, 11
Suppose 3504 + 66 = 14*b. List the prime factors of b.
3, 5, 17
Let p = 3983 - 2450. What are the prime factors of p?
3, 7, 73
Let u = 11 + -7. Let w = -2 + 7. Suppose -4*f - u*v + 4 = -12, 0 = -w*v. List the prime factors of f.
2
Suppose -7*v + 4*v = 15, -4*r - 4*v = -1976. What are the prime factors of r?
499
Let f(g) = -5*g + 12*g**2 + 14*g + 26 + 2. List the prime factors of f(-4).
2, 23
Let f be 61126/91 + (-2)/(-7). Suppose 5*w - 5*i = 690, i - 2*i + f = 5*w. List the prime factors of w.
3, 5
Let d(z) = -z**2 + 5*z**3 - z**2 + 5*z - 6*z - 1. Let a be d(2). Let l = a + -21. What are the prime factors of l?
2
Let o(m) = -m + 8. Suppose 0 = 5*t - 3*t. Let w be o(t). List the prime factors of (w/(-1))/(17/(-34)).
2
Suppose 5*f - 4*f - 3 = 0. Suppose -3*h + 12 = -f. Suppose -47 - 58 = -h*g. List the prime factors of g.
3, 7
Let i be -14 + (-3 - 0 - -3). Let q = 13 + i. Let h(f) = -15*f**3 + f**2 - f - 1. List the prime factors of h(q).
2
List the prime factors of (-39278)/(-205) - (-2)/5.
2, 3
Let x(n) = 4*n**3 + 22*n**2 - 28*n - 16. List the prime factors of x(8).
2, 3, 67
Suppose 0*j = 7*j. Suppose b + 3*b - 112 = j. Suppose v - 23 = b. What are the prime factors of v?
3, 17
Suppose -2*t + 119 = z, 3*z = 8*z + 15. Suppose -63*l + t*l = -404. List the prime factors of l.
2, 101
Let f(u) = 23*u**2 - 4*u - 3. Let v be ((-1)/(-2))/(1/(-2)). What are the prime factors of f(v)?
2, 3
Suppose -50*f = -31*f - 20919. List the prime factors of f.
3, 367
Suppose -4*k = -3*k - 4. Suppose -2*v + k = -v. Suppose v*h - 3*h = 18. What are the prime factors of h?
2, 3
Let k = 0 - -4. Suppose -5*r + 98 = -4*t - 37, 0 = k*r + 3*t - 77. List the prime factors of r.
23
Suppose 2*f + 19 = -1. List the prime factors of 5/(f/(-9))*(-22)/(-1).
3, 11
Suppose 8509 = 38*d - 2359. List the prime factors of d.
2, 11, 13
Let r = -2440 - -4286. What are the prime factors of r?
2, 13, 71
Let h = -17 - -46. Let m = 49 - h. What are the prime factors of m?
2, 5
Let v = 11 - 7. Suppose -5*w = -2*a + v*a - 499, -w = a - 101. List the prime factors of w.
3, 11
Let l(h) = 31*h**2 - 2*h**3 - 3*h**2 - 11*h**2 + 6*h + 13. List the prime factors of l(8).
5
Suppose 8*g + 3649 = 3*n, -3*n + 8*n - 3*g - 6123 = 0. What are the prime factors of n?
3, 409
Let s(g) = -g**2 - g - 1. Let r(a) = -3*a**2 + 9*a - 1. Let o(h) = -r(h) - 3*s(h). Let z be o(5). Suppose z = 6*l - 170. List the prime factors of l.
7
Let a(b) = 16*b + 387. What are the prime factors of a(0)?
3, 43
Suppose -d - 3 = 4*p, 8*d - 4*d = 4*p + 28. Suppose 0*z - 10 = -d*z. Suppose -z*k + 5*k - 6 = -4*j, 0 = 5*j + 15. List the prime factors of k.
2, 3
Suppose 24*y - 49880 = -16*y. What are the prime factors of y?
29, 43
Let n(v) = 4*v + 9*v - 22*v + 12*v - 3. Let c be n(2). What are the prime factors of (-7 - 0)*(c + -5)?
2, 7
Let j = 1322 - 794. What are the prime factors of j?
2, 3, 11
Let x = 683 + -232. What are the prime factors of x?
11, 41
Let p = -2035 + 3077. List the prime factors of p.
2, 521
Let a(g) = -g**3 - 11*g**2 - 10*g - 2. Let u be a(-10). Let f be (8 + u)*(-3)/9. List the prime factors of (-13 + 0)/(f/4).
2, 13
Let x(n) = 2*n - 13. Let q be x(8). Suppose -259 = -4*u - q*t, t = -2*t - 9. What are the prime factors of u?
67
Suppose -b + 20 = -3*b. Let y(n) = 10*n**2 - 2*n**2 + 2*n**2 - 5*n**2 - 11*n - 6*n**2 - 7. What are the prime factors of y(b)?
3
Let c(q) be the second derivative of 5*q**4/24 - 3*q**3/2 + 3*q**2 + 7*q. Let x(j) be the first derivative of c(j). List the prime factors of x(4).
11
Let k = -15 + 20. Let x(o) = -o + 8. Let v be x(k). List the prime factors of ((-46)/v)/(9/(-27)).
2, 23
Let c(q) = 2*q + 16. List the prime factors of c(33).
2, 41
Suppose 0*s - 6*s = 12. Let h(j) = -52*j**3 + 2*j**2 + 3*j + 2. Let d be h(s). What are the prime factors of 1/(-4*(-5)/d)?
3, 7
Let c(b) = 0*b - 26*b**2 + 15*b**2 - 4*b - 4*b**3 + 2. What are the prime factors of c(-4)?
2, 7
Let x = -725 + 1092. Suppose 0 = -7*a + x + 4. What are the prime factors of a?
53
Suppose 0 = -73*t + 15*t + 34336. List the prime factors of t.
2, 37
Suppose -869 = -2*t - 5*o, -4*t + 3*t - 4*o + 436 = 0. What are the prime factors of t?
2, 3
Let d = 10799 + -7626. List the prime factors of d.
19, 167
Suppose 2967 = 602*w - 599*w. What are the prime factors of w?
23, 43
Suppose -q - 5 - 2 = -5*i, 5*i = 2*q + 4. Let v = 17 - -6. Suppose -4*k = -q*k - v. What are the prime factors of k?
23
What are the prime factors of (-5)/((-110)/6948) - 32/(-176)?
2, 79
Let z be (-94)/30 - 30/(-225). Let s(y) =